{"id":151,"date":"2020-04-06T21:58:37","date_gmt":"2020-04-06T19:58:37","guid":{"rendered":"http:\/\/localhost:8888\/wordpress\/?page_id=151"},"modified":"2020-04-21T07:13:30","modified_gmt":"2020-04-21T07:13:30","slug":"barn-ungdom","status":"publish","type":"page","link":"http:\/\/aikidogoteborg.se\/?page_id=151","title":{"rendered":"Barn &#038; Ungdom"},"content":{"rendered":"\n<h1 class=\"wp-block-heading\"><span class=\"has-inline-color has-neve-link-color-color\">Personlig utveckling i trygg gemenskap<\/span><\/h1>\n\n\n\n<div style=\"height:20px\" aria-hidden=\"true\" class=\"wp-block-spacer\"><\/div>\n\n\n\n<div class=\"wp-block-media-text alignfull is-stacked-on-mobile is-image-fill has-background\" style=\"background-color:#094068;grid-template-columns:54% auto\"><figure class=\"wp-block-media-text__media\" style=\"background-image:url(http:\/\/media.aikidogoteborg.se\/2020\/04\/R90A0800.jpg);background-position:50% 50%\"><img loading=\"lazy\" decoding=\"async\" width=\"1024\" height=\"683\" src=\"http:\/\/media.aikidogoteborg.se\/2020\/04\/R90A0800.jpg\" alt=\"\" class=\"wp-image-472\" srcset=\"http:\/\/media.aikidogoteborg.se\/2020\/04\/R90A0800.jpg 1024w, http:\/\/media.aikidogoteborg.se\/2020\/04\/R90A0800-300x200.jpg 300w, http:\/\/media.aikidogoteborg.se\/2020\/04\/R90A0800-768x512.jpg 768w\" sizes=\"auto, (max-width: 1024px) 100vw, 1024px\" \/><\/figure><div class=\"wp-block-media-text__content\">\n<div style=\"height:80px\" aria-hidden=\"true\" class=\"wp-block-spacer\"><\/div>\n\n\n\n<p class=\"wp-block-paragraph\" style=\"font-size:20px\"><strong><span class=\"has-inline-color has-white-color\">Aikido \u00e4r en fantastisk tr\u00e4ningsform d\u00e4r personliga egenskaper som samarbetsf\u00f6rm\u00e5ga<br>och sj\u00e4lvf\u00f6rtroende kan utvecklas.<\/span><\/strong><\/p>\n\n\n\n<p class=\"wp-block-paragraph\" style=\"font-size:20px\"><strong><span class=\"has-inline-color has-white-color\">Du beh\u00f6ver inte konkurrera eller t\u00e4vla mot dina tr\u00e4ningskamrater. Var och en utvecklas utifr\u00e5n egna f\u00f6ruts\u00e4ttningar i en trygg gemenskap.<\/span><\/strong><\/p>\n\n\n\n<p class=\"wp-block-paragraph\" style=\"font-size:20px\"><strong><span class=\"has-inline-color has-white-color\">\u00c4r du intresserad av att prova p\u00e5 \u00e4r du v\u00e4lkommen. Nedan har du de alternativ vi erbjuder.<\/span><\/strong><\/p>\n\n\n\n<div style=\"height:80px\" aria-hidden=\"true\" class=\"wp-block-spacer\"><\/div>\n<\/div><\/div>\n\n\n\n<div style=\"height:60px\" aria-hidden=\"true\" class=\"wp-block-spacer\"><\/div>\n\n\n\n<h2 class=\"wp-block-heading\"><span style=\"color:#094068\" class=\"has-inline-color\">Familjetr\u00e4ning<\/span><\/h2>\n\n\n\n<p class=\"wp-block-paragraph\">Familjetr\u00e4ningen \u00e4r en m\u00f6jlighet f\u00f6r barn och f\u00f6r\u00e4ldrar att dela upplevelser och l\u00e4ra sig tillsammans. Tr\u00e4ningen \u00e4r anpassad f\u00f6r barn fr\u00e5n 7 \u00e5r med falltr\u00e4ning och \u00f6vningar som utvecklar koordinationsf\u00f6rm\u00e5ga, balans och koncentration.<\/p>\n\n\n\n<div style=\"height:20px\" aria-hidden=\"true\" class=\"wp-block-spacer\"><\/div>\n\n\n\n<h2 class=\"wp-block-heading\"><span style=\"color:#094068\" class=\"has-inline-color\">Barn och ungdom<\/span><\/h2>\n\n\n\n<p class=\"wp-block-paragraph\">Tr\u00e4ningen i den h\u00e4r gruppen liknar mer vuxentr\u00e4ningen med skillnaden att tekniker som kan anses ol\u00e4mpliga f\u00f6r \u00e5ldersgruppen 10-15 \u00e5r har tagits bort f\u00f6r att minimera risk f\u00f6r olyckor och skador. Fokus ligger p\u00e5 fallteknik och grunderna i tai jutsu (tekniker utan vapen).<\/p>\n\n\n\n<div style=\"height:20px\" aria-hidden=\"true\" class=\"wp-block-spacer\"><\/div>\n\n\n\n<h2 class=\"wp-block-heading\"><span style=\"color:#094068\" class=\"has-inline-color\">Tr\u00e4ningstider<\/span><\/h2>\n\n\n\n<h6 class=\"wp-block-heading\">Familjetr\u00e4ning (fr\u00e5n 7 \u00e5r)<\/h6>\n\n\n\n<p class=\"wp-block-paragraph\">Onsdagar&nbsp;&nbsp;&nbsp;&nbsp; 17:00-18:00<br>L\u00f6rdagar&nbsp;&nbsp;&nbsp;&nbsp;&nbsp; 10:30-11:20 (tillsammans med barn &amp; ungdomsgruppen)<\/p>\n\n\n\n<h6 class=\"wp-block-heading\">Barn &amp; ungdom (fr\u00e5n 10 \u00e5r)<\/h6>\n\n\n\n<p class=\"wp-block-paragraph\">L\u00f6rdagar&nbsp;&nbsp;&nbsp;&nbsp;&nbsp; 10:30-11:20 (tillsammans med familjegruppen)<br>&nbsp;&nbsp;&nbsp;&nbsp;&nbsp;&nbsp;&nbsp;&nbsp;&nbsp;&nbsp;&nbsp;&nbsp;&nbsp;&nbsp;&nbsp;&nbsp;&nbsp;&nbsp;&nbsp;&nbsp;&nbsp; Paus<br>&nbsp;&nbsp;&nbsp;&nbsp;&nbsp;&nbsp;&nbsp;&nbsp;&nbsp;&nbsp;&nbsp;&nbsp;&nbsp;&nbsp;&nbsp;&nbsp;&nbsp;&nbsp;&nbsp;&nbsp;&nbsp; 11:30-12:30<\/p>\n\n\n\n<div style=\"height:20px\" aria-hidden=\"true\" class=\"wp-block-spacer\"><\/div>\n\n\n\n<h3 class=\"wp-block-heading\"><span style=\"color:#094068\" class=\"has-inline-color\">T\u00e4nk p\u00e5:<\/span><\/h3>\n\n\n\n<ul class=\"wp-block-list\"><li>&nbsp;Att ha l\u00e4mpliga tr\u00e4ningskl\u00e4der: tr\u00e4ningsbyxor med l\u00e5nga ben och l\u00e5ng\u00e4rmad tr\u00f6ja.<\/li><li>Hygien: rena tr\u00e4ningskl\u00e4der, tv\u00e4ttade f\u00f6tter och klippta naglar.<\/li><li>Att smycken inte f\u00e5r b\u00e4ras under tr\u00e4ningen.<\/li><li>Att visa h\u00e4nsyn till dina tr\u00e4ningskamrater och f\u00f6lja instrukt\u00f6rens anvisningar.<\/li><\/ul>\n\n\n\n<div style=\"height:20px\" aria-hidden=\"true\" class=\"wp-block-spacer\"><\/div>\n\n\n\n<h3 class=\"wp-block-heading\"><span style=\"color:#094068\" class=\"has-inline-color\">Avgifter<\/span><\/h3>\n\n\n\n<ul class=\"wp-block-list\"><li>Medlemsavgift: 100 kr en g\u00e5ng per \u00e5r. Tr\u00e4ningsavgift: 500 kr per termin <br>(har du syskon som ocks\u00e5 tr\u00e4nar hos oss betalar ni vardera 400 kr per termin)<\/li><li>F\u00f6r\u00e4ldrar: 200 kr per \u00e5r i medlemsavgift. Om ni enbart deltar i familjetr\u00e4ningen betalar ni ingen tr\u00e4ningsavgift.<\/li><\/ul>\n\n\n\n<p class=\"wp-block-paragraph\">Avgifter kan betalas via plusgiro: 72 54 19\u20136 eller med Swisch.<br>Gl\u00f6m inte meddelande om vem eller vilka och vilken period avgiften avser.<\/p>\n\n\n\n<div style=\"height:20px\" aria-hidden=\"true\" class=\"wp-block-spacer\"><\/div>\n\n\n\n<h3 class=\"wp-block-heading\"><span style=\"color:#094068\" class=\"has-inline-color\">Prova p\u00e5<\/span><\/h3>\n\n\n\n<p class=\"wp-block-paragraph\">Du som vill provtr\u00e4na ett par g\u00e5nger innan du best\u00e4mmer dig kan f\u00f6rst betala medlemsavgiften och om du vill forts\u00e4tta betalar du resterande avgift vid det tredje tr\u00e4ningstillf\u00e4llet.<\/p>\n\n\n\n<div style=\"height:30px\" aria-hidden=\"true\" class=\"wp-block-spacer\"><\/div>\n\n\n\n<p class=\"wp-block-paragraph\">Anv\u00e4nd formul\u00e4ret nedan f\u00f6r att anm\u00e4la dig eller om du har fr\u00e5gor.<\/p>\n\n\n<div class=\"wpforms-container wpforms-container-full wpforms-block\" id=\"wpforms-474\"><form id=\"wpforms-form-474\" class=\"wpforms-validate wpforms-form wpforms-ajax-form\" data-formid=\"474\" method=\"post\" enctype=\"multipart\/form-data\" action=\"\/index.php?rest_route=%2Fwp%2Fv2%2Fpages%2F151\" data-token=\"d5a3165a69ab50f12aa295e188f53a74\" data-token-time=\"1776516049\"><noscript class=\"wpforms-error-noscript\">Aktivera JavaScript i din webbl\u00e4sare f\u00f6r att fylla i formul\u00e4ret.<\/noscript><div class=\"wpforms-field-container\"><div id=\"wpforms-474-field_0-container\" class=\"wpforms-field wpforms-field-name\" data-field-id=\"0\"><label class=\"wpforms-field-label\" for=\"wpforms-474-field_0\">F\u00f6r- och efternamn <span class=\"wpforms-required-label\">*<\/span><\/label><input type=\"text\" id=\"wpforms-474-field_0\" class=\"wpforms-field-medium wpforms-field-required\" name=\"wpforms[fields][0]\" required><\/div><div id=\"wpforms-474-field_1-container\" class=\"wpforms-field wpforms-field-email\" data-field-id=\"1\"><label class=\"wpforms-field-label\" for=\"wpforms-474-field_1\">Email <span class=\"wpforms-required-label\">*<\/span><\/label><input type=\"email\" id=\"wpforms-474-field_1\" class=\"wpforms-field-medium wpforms-field-required\" name=\"wpforms[fields][1]\" spellcheck=\"false\" required><\/div><div id=\"wpforms-474-field_2-container\" class=\"wpforms-field wpforms-field-textarea\" data-field-id=\"2\"><label class=\"wpforms-field-label\" for=\"wpforms-474-field_2\">Ditt meddelande <span class=\"wpforms-required-label\">*<\/span><\/label><textarea id=\"wpforms-474-field_2\" class=\"wpforms-field-small wpforms-field-required\" name=\"wpforms[fields][2]\" required><\/textarea><\/div><\/div><!-- .wpforms-field-container --><div class=\"wpforms-field wpforms-field-hp\"><label for=\"wpforms-474-field-hp\" class=\"wpforms-field-label\">Comment<\/label><input type=\"text\" name=\"wpforms[hp]\" id=\"wpforms-474-field-hp\" class=\"wpforms-field-medium\"><\/div><div class=\"wpforms-submit-container\" ><input type=\"hidden\" name=\"wpforms[id]\" value=\"474\"><input type=\"hidden\" name=\"page_title\" value=\"\"><input type=\"hidden\" name=\"page_url\" value=\"http:\/\/aikidogoteborg.se\/index.php?rest_route=\/wp\/v2\/pages\/151\"><input type=\"hidden\" name=\"url_referer\" value=\"\"><button type=\"submit\" name=\"wpforms[submit]\" id=\"wpforms-submit-474\" class=\"wpforms-submit\" data-alt-text=\"Skickar...\" data-submit-text=\"Skicka\" aria-live=\"assertive\" value=\"wpforms-submit\">Skicka<\/button><img loading=\"lazy\" decoding=\"async\" src=\"http:\/\/aikidogoteborg.se\/wp-content\/plugins\/wpforms-lite\/assets\/images\/submit-spin.svg\" class=\"wpforms-submit-spinner\" style=\"display: none;\" width=\"26\" height=\"26\" alt=\"Laddar\"><\/div><\/form><\/div>  <!-- .wpforms-container -->","protected":false},"excerpt":{"rendered":"<p>Personlig utveckling i trygg gemenskap Familjetr\u00e4ning Familjetr\u00e4ningen \u00e4r en m\u00f6jlighet f\u00f6r barn och f\u00f6r\u00e4ldrar att dela upplevelser och l\u00e4ra sig tillsammans. Tr\u00e4ningen \u00e4r anpassad f\u00f6r barn fr\u00e5n 7 \u00e5r med falltr\u00e4ning och \u00f6vningar som utvecklar koordinationsf\u00f6rm\u00e5ga, balans och koncentration. Barn och ungdom Tr\u00e4ningen i den h\u00e4r gruppen liknar mer vuxentr\u00e4ningen med skillnaden att tekniker som&hellip;&nbsp;<a href=\"http:\/\/aikidogoteborg.se\/?page_id=151\" rel=\"bookmark\">L\u00e4s mer &raquo;<span class=\"screen-reader-text\">Barn &#038; Ungdom<\/span><\/a><\/p>\n","protected":false},"author":1,"featured_media":0,"parent":0,"menu_order":0,"comment_status":"closed","ping_status":"closed","template":"","meta":{"_crdt_document":"","neve_meta_sidebar":"","neve_meta_container":"","neve_meta_enable_content_width":"off","neve_meta_content_width":0,"neve_meta_title_alignment":"","neve_meta_author_avatar":"","neve_post_elements_order":"","neve_meta_disable_header":"","neve_meta_disable_footer":"","neve_meta_disable_title":"on","_themeisle_gutenberg_block_has_review":false,"footnotes":""},"class_list":["post-151","page","type-page","status-publish","hentry"],"_links":{"self":[{"href":"http:\/\/aikidogoteborg.se\/index.php?rest_route=\/wp\/v2\/pages\/151","targetHints":{"allow":["GET"]}}],"collection":[{"href":"http:\/\/aikidogoteborg.se\/index.php?rest_route=\/wp\/v2\/pages"}],"about":[{"href":"http:\/\/aikidogoteborg.se\/index.php?rest_route=\/wp\/v2\/types\/page"}],"author":[{"embeddable":true,"href":"http:\/\/aikidogoteborg.se\/index.php?rest_route=\/wp\/v2\/users\/1"}],"replies":[{"embeddable":true,"href":"http:\/\/aikidogoteborg.se\/index.php?rest_route=%2Fwp%2Fv2%2Fcomments&post=151"}],"version-history":[{"count":6,"href":"http:\/\/aikidogoteborg.se\/index.php?rest_route=\/wp\/v2\/pages\/151\/revisions"}],"predecessor-version":[{"id":615,"href":"http:\/\/aikidogoteborg.se\/index.php?rest_route=\/wp\/v2\/pages\/151\/revisions\/615"}],"wp:attachment":[{"href":"http:\/\/aikidogoteborg.se\/index.php?rest_route=%2Fwp%2Fv2%2Fmedia&parent=151"}],"curies":[{"name":"wp","href":"https:\/\/api.w.org\/{rel}","templated":true}]}}